{"id":2,"date":"2010-11-25T14:41:56","date_gmt":"2010-11-25T13:41:56","guid":{"rendered":"http:\/\/schager.servus.at\/?page_id=2"},"modified":"2019-09-10T12:49:56","modified_gmt":"2019-09-10T10:49:56","slug":"eine-seite","status":"publish","type":"page","link":"https:\/\/schager.servus.at\/?page_id=2","title":{"rendered":"Biographie"},"content":{"rendered":"<p>HERBERT SCHAGER, born in 1952 in Aschach\/Donau in Upper Austria. He lives in the center of Linz\/Austria, married with artist <a href=\"http:\/\/schager.servus.at\/helga\/\" target=\"_blank\" rel=\"noopener noreferrer\">HELGA SCHAGER<\/a> and two beautiful children: OONA VALARIE and FELIX VINZENZ.<br \/>\nAfter working in an office in the mid 70&#8217;s he decided to change his life. He started studying photography and went to art school which he finished in the early 80&#8217;s. He wanted to become an artist but life sometimes plays a lot of jokes. He worked in the &#8222;sub culture&#8220; what means a lot of work and less money. This was not so terrible because a lot of exciting things happened here. Most of the time he is working with computer graphics, photography, paintings, drawings, video and web design. Since 2012 he is in disability pension, since 2017 in regular pension.<\/p>\n<p style=\"text-align: center;\"><a href=\"http:\/\/schager.servus.at\/wp-content\/uploads\/2010\/11\/h+h2.jpg\" rel=\"lightbox[2]\"><img loading=\"lazy\" decoding=\"async\" class=\"aligncenter size-full wp-image-194\" title=\"h+h\" src=\"http:\/\/schager.servus.at\/wp-content\/uploads\/2010\/11\/h+h2.jpg\" alt=\"Helga + Herbert Schager, 2005\" width=\"280\" height=\"193\" \/><\/a>Helga + Herbert Schager, 2005<\/p>\n<p>HERBERT SCHAGER, geboren 1952 in Aschach\/Donau, Sternbild Steinbock. Er lebt im Zentrum von Linz und ist mit der K\u00fcnstlerin <a href=\"http:\/\/schager.servus.at\/helga\/\" target=\"_blank\" rel=\"noopener noreferrer\">HELGA SCHAGER<\/a> verheiratet. Er hat zwei wunderbare Kinder: OONA VALARIE und FELIX VINZENZ.<br \/>\nNach Beendigung der Handelsakademie arbeitete er einige Jahre im B\u00fcro. Dies erf\u00fcllte ihn nicht besonders und so wollte er sein Leben ver\u00e4ndern. Er begann sich autodidaktisch mit Fotographie zu besch\u00e4ftigen und besuchte dann die Hochschule f\u00fcr Gestaltung in Linz, die er 1983 mit dem Diplom f\u00fcr Gebrauchsgrafik abschloss. Er wollte K\u00fcnstler werden, aber das Leben bietet manchmal einiges an \u00dcberraschungen. Er arbeitete meistens in der &#8222;Subkultur&#8220;, was soviel wie eine Menge Arbeit und kaum Geld bedeutet. Das war nicht so schlimm, da in dieser Szene eine Menge an Aufregendem passiert. Meistens besch\u00e4ftigte er sich mit Computergrafik, Fotographie, Zeichnen, Malen, Video, Web-Design, sowie der Gestaltung von Fotob\u00fcchern.<br \/>\nSeit 2012 ist er in der Erwerbsunf\u00e4higkeitspension, seit 2017 in der regul\u00e4ren Pension.<\/p>\n","protected":false},"excerpt":{"rendered":"<p>HERBERT SCHAGER, born in 1952 in Aschach\/Donau in Upper Austria. He lives in the center of Linz\/Austria, married with artist HELGA SCHAGER and two beautiful children: OONA VALARIE and FELIX VINZENZ. After working in an office in the mid 70&#8217;s he decided to change his life. He started studying photography and went to art school &hellip; <\/p>\n<p class=\"link-more\"><a href=\"https:\/\/schager.servus.at\/?page_id=2\" class=\"more-link\"><span class=\"screen-reader-text\">\u201eBiographie\u201c <\/span>weiterlesen<\/a><\/p>\n","protected":false},"author":7625,"featured_media":0,"parent":0,"menu_order":0,"comment_status":"closed","ping_status":"closed","template":"","meta":{"footnotes":""},"class_list":["post-2","page","type-page","status-publish","hentry"],"_links":{"self":[{"href":"https:\/\/schager.servus.at\/index.php?rest_route=\/wp\/v2\/pages\/2","targetHints":{"allow":["GET"]}}],"collection":[{"href":"https:\/\/schager.servus.at\/index.php?rest_route=\/wp\/v2\/pages"}],"about":[{"href":"https:\/\/schager.servus.at\/index.php?rest_route=\/wp\/v2\/types\/page"}],"author":[{"embeddable":true,"href":"https:\/\/schager.servus.at\/index.php?rest_route=\/wp\/v2\/users\/7625"}],"replies":[{"embeddable":true,"href":"https:\/\/schager.servus.at\/index.php?rest_route=%2Fwp%2Fv2%2Fcomments&post=2"}],"version-history":[{"count":5,"href":"https:\/\/schager.servus.at\/index.php?rest_route=\/wp\/v2\/pages\/2\/revisions"}],"predecessor-version":[{"id":14304,"href":"https:\/\/schager.servus.at\/index.php?rest_route=\/wp\/v2\/pages\/2\/revisions\/14304"}],"wp:attachment":[{"href":"https:\/\/schager.servus.at\/index.php?rest_route=%2Fwp%2Fv2%2Fmedia&parent=2"}],"curies":[{"name":"wp","href":"https:\/\/api.w.org\/{rel}","templated":true}]}}